= -1 + 26. Calculate the greatest common factor of l and d.
5
Let n(o) = o**3 + 18*o**2 + 38*o + 33. Let t be n(-15). Calculate the highest common factor of 230 and t.
46
Let p = -45 - -49. Suppose -p*l - 96 = -2*z, 15*z - l = 17*z - 76. Calculate the highest common divisor of 8 and z.
8
Let f = -142 - -259. Let g = 3 + f. Calculate the highest common factor of 15 and g.
15
Suppose 6480 = 32*o - 5*o. What is the greatest common factor of 5 and o?
5
Suppose 4*f = 13 + 3. Let r = 41 - 21. What is the highest common factor of f and r?
4
Let c be ((-276)/(-161))/(2/294). Calculate the highest common divisor of 28 and c.
28
Suppose -4*o - 3*p - 7 = -4, -5*p = 25. Suppose -5*z + 3*a + 11 = 0, 0 = o*z - 4*z - 2*a + 10. Let t = 58 - 26. Calculate the highest common divisor of t and z.
4
Suppose -4*b - b + 55 = 0. Suppose 0 = 3*y - q + b, 5*y + 3 = 3*q - 22. Let m = 10 + y. What is the highest common factor of 40 and m?
8
Let y be 36*((-5)/10)/(-7 - -6). What is the highest common factor of 6 and y?
6
Let j be (-264)/(-27) - 6/(-27). Let l be (3 - 4)*-5*2. Calculate the highest common factor of l and j.
10
Let o be 1/(-1*3/24). Let c(n) = 5*n**2 - 7*n + 9. Let y be c(o). Calculate the highest common factor of y and 35.
35
Let p(k) = k**3 + 16*k**2 + 16*k + 12. Let w be p(-15). Let h be 7*(w + (-75)/(-21)). Calculate the highest common divisor of 36 and h.
4
Suppose 0 = 15*p + p - 336. Calculate the highest common divisor of 12 and p.
3
Let s be (-28)/63 - 1996/(-36). What is the greatest common divisor of 11 and s?
11
Let k be ((-49)/14)/((-8)/16). What is the greatest common divisor of k and 77?
7
Suppose -3*i + 32 = -7*i. Let k(q) = q**3 + 8*q**2 - q - 5. Let j be k(i). Suppose l - j = 15. Calculate the highest common factor of l and 6.
6
Let z be (7 - 4) + 6*(-2)/3. Let i be 6 + z - (3 + -12)/(-3). Calculate the greatest common divisor of 2 and i.
2
Let n = 27 + -11. Suppose 4*l = -2*g - g + 228, 4*g = n. Let r(h) = 105*h + 1068. Let k be r(-10). Calculate the highest common divisor of k and l.
18
Suppose 0 = 4*u - 5*x - 113, -2*u - x + 34 = x. Let j = 0 + 3. Suppose j*o + 2*o = 550. What is the greatest common factor of o and u?
22
Let u(n) be the third derivative of 11*n**2 + 1/3*n**4 + 0*n + 0 + 0*n**3. Let d be u(3). What is the greatest common factor of d and 16?
8
Let q = -206 + 216. Calculate the greatest common divisor of 10 and q.
10
Let c be -5 + 5 + (23 - -1). Suppose 2*a - 10 = -5*y, 4*a + 2*y + 2*y = 8. Suppose -2*s + 0*s + 32 = a. Calculate the highest common factor of s and c.
8
Let a(h) = -h**3 - 27*h**2 + 29*h + 35. Let z be a(-28). Suppose -2*c + c = -21. Calculate the greatest common divisor of z and c.
7
Suppose -x + 56 - 3 = 2*y, -5*y + 140 = 5*x. Let r = 53 - y. Suppose 7*z - 256 + 158 = 0. What is the greatest common divisor of z and r?
14
Let m(g) = -45*g**3 - g + 24*g**2 - 2 + 16*g**2 - 39*g**2. Let p be m(-1). Let i be 8 + 2/(-1 + 3). Calculate the highest common factor of i and p.
9
Suppose -f = 4*f - 1490. Suppose -3*w + r = f, -3*r + 115 = -2*w - 72. Let m = 189 + w. Calculate the greatest common factor of 11 and m.
11
Let n be -164*(9/27)/((-6)/9). What is the highest common divisor of n and 164?
82
Let w = -394 - -397. Let i be -1 - 4/(0 - 1). Suppose -w*h - 2*q + 30 = -5*q, 0 = -i*q. Calculate the highest common divisor of h and 10.
10
Suppose 3*n + 3*u = 8*n, 4*n = -3*u. Suppose -50 = -4*b - 4*h + 30, n = -3*b - 2*h + 64. What is the greatest common factor of 6 and b?
6
Let r be ((3 - -1) + -4)/(-2). Suppose -2*d + r*d + 378 = 0. Calculate the highest common factor of 27 and d.
27
Let g(x) be the third derivative of -x**4/8 + x**3 - 6*x**2. Let u be g(5). Let o = 10 + u. What is the greatest common factor of 7 and o?
1
Suppose 2*c + 5*a = 8, -c - a + 4 = -0*a. What is the greatest common factor of 64 and c?
4
Suppose 5*r - 20 = 35. Let d(c) = -c**3 - 7*c**2 + 7*c + 3. Let z be d(-8). Calculate the highest common factor of r and z.
11
Suppose -z - 2*j + 7 = 0, -2*z + 5*j = 2*j - 42. Let r = -80 - -77. Let o be r + 12*8/12. What is the highest common factor of z and o?
5
Let v = -20 - -25. Suppose f - 87 = -4*k + 43, 4*k - v*f = 118. Calculate the highest common factor of k and 320.
32
Suppose 3*w + 3*w = -120. Let c be (w/10)/((-1)/10). What is the highest common factor of 60 and c?
20
Suppose 2*q = 5*q - 24. Let n(c) = 7*c - 25. Let a be n(q). What is the highest common divisor of a and 155?
31
Let u = 234 - 228. Calculate the highest common divisor of 162 and u.
6
Let v be 11 - (3 + 0) - -3. Let w(u) = -u**2 + 21*u + 9. Let s be ((-18)/(-15))/(4/50). Let k be w(s). What is the highest common divisor of k and v?
11
Suppose -5*x = -3*b - 370, 3*b = x + 7*b - 97. Calculate the greatest common factor of 121 and x.
11
Let j = 54 - 54. Let o be (3 - (0 + j))*(-4 - -5). What is the highest common factor of 21 and o?
3
Suppose 0 = 6*c - 30. Suppose -6*d + 3*d + c*y = -345, 129 = d + 3*y. What is the highest common factor of 10 and d?
10
Suppose 4*y - 50 = -2*s, 3*y - 120 = -4*s - y. Calculate the greatest common factor of s and 25.
5
Let w(p) = -p**3 - 3*p**2 + 4*p + 5. Let m be w(-4). Suppose -3*l + 454 = 4*f, 2*f + m = 1. Calculate the greatest common factor of 14 and l.
14
Let i = -33 - -35. Let y(b) = 3*b**3 - 2*b + 1. Let g be y(i). Calculate the highest common divisor of g and 105.
21
Let t(i) = i**2 - 5*i - 8. Let g be t(-3). Let p = -186 - -314. Calculate the greatest common divisor of g and p.
16
Let o = -11 - -15. Suppose o*a - 109 - 51 = 0. Let t be 6/((6/a)/1). What is the greatest common divisor of t and 100?
20
Let b(l) = l**2 - 4*l - 6. Let h be b(12). What is the highest common divisor of 405 and h?
45
Suppose 4*s - 15*s = -99. Calculate the greatest common divisor of 45 and s.
9
Let s = 21 - 21. Let u(t) = 3*t - t**2 - t**3 + 0*t - 2*t + 10. Let y be u(s). What is the greatest common factor of 110 and y?
10
Let i = 19 + -16. Suppose 4*t = 23 - i. Suppose 15 - 5 = 5*r - q, -t*q - 10 = -5*r. Calculate the highest common divisor of 2 and r.
2
Let z be 67/((-1 - -1) + -1). Let c = -11 - z. What is the highest common divisor of c and 7?
7
Suppose -76*n = -77*n + 54. Calculate the greatest common factor of 18 and n.
18
Let t(v) = -v**2 + 11*v - 21. Let w be t(9). Let x be (3 - -42)/(4 + w). What is the highest common divisor of x and 5?
5
Suppose 15*s - 6 = 13*s. Suppose s = 2*r - 1. Suppose r*b - 3*b + 21 = 0. Calculate the greatest common divisor of b and 189.
21
Suppose 80 = 3*r - 10. Suppose r = g + 23. Calculate the greatest common divisor of 7 and g.
7
Let z = -7999 - -8249. Suppose -3*n + 2*d = 3, n = -d - d + 7. Let o be (50/(-8))/(n/(-4)). Calculate the highest common factor of o and z.
25
Let a(y) = 14*y**2 - 21*y - 27. Let n be a(-8). What is the highest common factor of 61 and n?
61
Suppose -4*u = -i + 53, 3*i = -2*u + 6*u + 55. Let w = u + 33. Calculate the highest common divisor of 8 and w.
4
Let p = -129 - -658. Calculate the greatest common divisor of p and 46.
23
Let k be ((-88)/(-110))/(1/30). Let a be (1 - -1)*4/(k/162). Calculate the greatest common divisor of 18 and a.
18
Let r(i) = -i**2 - 5*i + 8. Let b be r(-5). Let m = 28 + -4. Suppose -3*y + m = -0*y. Calculate the highest common divisor of y and b.
8
Let x = 51 + -37. Let k(f) = 3*f - 24. Let u be k(x). Calculate the greatest common factor of 6 and u.
6
Suppose p + 7 = -5*m, 32*m + 140 = 4*p + 28*m. Let d(z) = -z**3 + z**2. Let o be d(-6). What is the highest common divisor of o and p?
28
Let w(b) = 2*b**2 - 3*b + 1. Suppose -3*o - 20 = 5*r, 5*o + 20 = 5*r - 0*r. Let t be w(o). Calculate the highest common factor of t and 11.
11
Suppose 0 = m - 5*s - 14, 1 = -0*m + 2*m - s. Let r be m/(-1) + (17 - -6). What is the greatest common factor of 216 and r?
24
Let w = -4 - -6. Let i(c) = -c**3 + 10*c**2 + 16*c - 138. Let r be i(10). What is the highest common divisor of r and w?
2
Let q = -8 + 20. Let u be (12/18)/((-1)/(-54)). Suppose -u + 4 = -4*j. What is the greatest common divisor of q and j?
4
Let s = 1 + 4. Let p = 677 - 672. What is the greatest common factor of s and p?
5
Suppose -2*w - 7 - 7 = 3*t, -5*t = 3*w + 23. Let v = t - -12. Let o = -5 - -85. Calculate the greatest common factor of v and o.
8
Let r(t) = 1 + 3*t**2 - 10*t 